{"id":14,"date":"2018-10-23T11:44:00","date_gmt":"2018-10-23T11:44:00","guid":{"rendered":"http:\/\/tahkonravintolat.fi\/?page_id=14"},"modified":"2026-04-21T09:32:17","modified_gmt":"2026-04-21T09:32:17","slug":"syvarin-helmi","status":"publish","type":"page","link":"https:\/\/www.tahkonravintolat.fi\/?page_id=14","title":{"rendered":"Syv\u00e4rin Helmi"},"content":{"rendered":"<h3><img loading=\"lazy\" decoding=\"async\" class=\"alignnone size-medium wp-image-240\" src=\"http:\/\/www.tahkonravintolat.fi\/wp-content\/uploads\/2019\/10\/syvarinhelmi_logo-300x75.png\" alt=\"\" width=\"300\" height=\"75\" srcset=\"https:\/\/www.tahkonravintolat.fi\/wp-content\/uploads\/2019\/10\/syvarinhelmi_logo-300x75.png 300w, https:\/\/www.tahkonravintolat.fi\/wp-content\/uploads\/2019\/10\/syvarinhelmi_logo.png 393w\" sizes=\"auto, (max-width: 300px) 100vw, 300px\" \/><\/h3>\n<p>Syv\u00e4rin Helmi avaa ovensa kes\u00e4kauteen 2026 vappuna, tervetuloa!<\/p>\n<p>Olemme avoinna<strong> TO &#8211; SU 11 -19<\/strong><\/p>\n<p>( 30.4.-3.5. , 7.5. &#8211; 10.5 , 14.5. &#8211; 17.5. , 21.5. &#8211; 24.5.)<\/p>\n<p>&nbsp;<\/p>\n<p><strong>28.5<\/strong>. alkaen avoinna joka p\u00e4iv\u00e4.<\/p>\n<p><strong>SU -TO 11 -21 ja PE-LA 11 -21 (22)<\/strong><\/p>\n<p>Keitti\u00f6 suljetaan puoli tuntia ennen sulkemisaikaa.<\/p>\n<p>&nbsp;<\/p>\n<p>Syv\u00e4rin Helmi on satamaravintola ja \u2013kahvila Nilsi\u00e4n satamassa.<\/p>\n<p>Syv\u00e4rin Helmess\u00e4 on Nilsi\u00e4n keskustan suurin ja aurinkoisin terassi, viilent\u00e4v\u00e4t juomat, herkulliset hampurilaiset ja salaatit sek\u00e4 ohjelmaa \u201dMortin lavalla\u201d. T\u00e4ss\u00e4 on muutama hyv\u00e4 syy tulla Syv\u00e4rin Helmeen, Syv\u00e4rin j\u00e4rven rannalle.<\/p>\n<p>Ravintolan yhteydess\u00e4 on my\u00f6s Nilsi\u00e4n vierasvenesatama, polttoainepiste, septi\u00a0ja suihku veneilij\u00f6ille.<\/p>\n<p>&nbsp;<\/p>\n<p><img loading=\"lazy\" decoding=\"async\" class=\"alignnone size-large wp-image-1482\" src=\"https:\/\/www.tahkonravintolat.fi\/wp-content\/uploads\/2026\/04\/ruokalista-burgerit-26-724x1024.png\" alt=\"\" width=\"525\" height=\"743\" srcset=\"https:\/\/www.tahkonravintolat.fi\/wp-content\/uploads\/2026\/04\/ruokalista-burgerit-26-724x1024.png 724w, https:\/\/www.tahkonravintolat.fi\/wp-content\/uploads\/2026\/04\/ruokalista-burgerit-26-212x300.png 212w, https:\/\/www.tahkonravintolat.fi\/wp-content\/uploads\/2026\/04\/ruokalista-burgerit-26-768x1086.png 768w, https:\/\/www.tahkonravintolat.fi\/wp-content\/uploads\/2026\/04\/ruokalista-burgerit-26-1086x1536.png 1086w, https:\/\/www.tahkonravintolat.fi\/wp-content\/uploads\/2026\/04\/ruokalista-burgerit-26.png 1414w\" sizes=\"auto, (max-width: 525px) 100vw, 525px\" \/><\/p>\n<p><img loading=\"lazy\" decoding=\"async\" class=\"alignnone size-large wp-image-1483\" src=\"https:\/\/www.tahkonravintolat.fi\/wp-content\/uploads\/2026\/04\/ruokalista-grilliannokset-26-724x1024.png\" alt=\"\" width=\"525\" height=\"743\" srcset=\"https:\/\/www.tahkonravintolat.fi\/wp-content\/uploads\/2026\/04\/ruokalista-grilliannokset-26-724x1024.png 724w, https:\/\/www.tahkonravintolat.fi\/wp-content\/uploads\/2026\/04\/ruokalista-grilliannokset-26-212x300.png 212w, https:\/\/www.tahkonravintolat.fi\/wp-content\/uploads\/2026\/04\/ruokalista-grilliannokset-26-768x1086.png 768w, https:\/\/www.tahkonravintolat.fi\/wp-content\/uploads\/2026\/04\/ruokalista-grilliannokset-26-1086x1536.png 1086w, https:\/\/www.tahkonravintolat.fi\/wp-content\/uploads\/2026\/04\/ruokalista-grilliannokset-26.png 1414w\" sizes=\"auto, (max-width: 525px) 100vw, 525px\" \/><\/p>\n<p><img loading=\"lazy\" decoding=\"async\" class=\"alignnone size-large wp-image-1484\" src=\"https:\/\/www.tahkonravintolat.fi\/wp-content\/uploads\/2026\/04\/ruokalista-wrap-26-724x1024.png\" alt=\"\" width=\"525\" height=\"743\" srcset=\"https:\/\/www.tahkonravintolat.fi\/wp-content\/uploads\/2026\/04\/ruokalista-wrap-26-724x1024.png 724w, https:\/\/www.tahkonravintolat.fi\/wp-content\/uploads\/2026\/04\/ruokalista-wrap-26-212x300.png 212w, https:\/\/www.tahkonravintolat.fi\/wp-content\/uploads\/2026\/04\/ruokalista-wrap-26-768x1086.png 768w, https:\/\/www.tahkonravintolat.fi\/wp-content\/uploads\/2026\/04\/ruokalista-wrap-26-1086x1536.png 1086w, https:\/\/www.tahkonravintolat.fi\/wp-content\/uploads\/2026\/04\/ruokalista-wrap-26.png 1414w\" sizes=\"auto, (max-width: 525px) 100vw, 525px\" \/><\/p>\n<p>&nbsp;<\/p>\n<p>&nbsp;<\/p>\n<p>&nbsp;<\/p>\n<p><img loading=\"lazy\" decoding=\"async\" class=\"size-medium wp-image-360 alignleft\" src=\"https:\/\/www.tahkonravintolat.fi\/wp-content\/uploads\/2019\/10\/helmi_galleria3-300x169.jpg\" alt=\"\" width=\"300\" height=\"169\" srcset=\"https:\/\/www.tahkonravintolat.fi\/wp-content\/uploads\/2019\/10\/helmi_galleria3-300x169.jpg 300w, https:\/\/www.tahkonravintolat.fi\/wp-content\/uploads\/2019\/10\/helmi_galleria3-768x432.jpg 768w, https:\/\/www.tahkonravintolat.fi\/wp-content\/uploads\/2019\/10\/helmi_galleria3-1024x576.jpg 1024w, https:\/\/www.tahkonravintolat.fi\/wp-content\/uploads\/2019\/10\/helmi_galleria3.jpg 1280w\" sizes=\"auto, (max-width: 300px) 100vw, 300px\" \/><\/p>\n<p>&nbsp;<\/p>\n<p>0440 481 456 (kes\u00e4kuu &#8211; elokuu)<br \/>\n044 545 4248 (muina aikoina)<\/p>\n<p>&nbsp;<\/p>\n<p>&nbsp;<\/p>\n<p>&nbsp;<\/p>\n<p>&nbsp;<\/p>\n<p>&nbsp;<\/p>\n<p>&nbsp;<\/p>\n<p>&nbsp;<\/p>\n<p><img loading=\"lazy\" decoding=\"async\" class=\"alignnone size-large wp-image-360\" src=\"https:\/\/www.tahkonravintolat.fi\/wp-content\/uploads\/2019\/10\/helmi_galleria3-1024x576.jpg\" alt=\"\" width=\"525\" height=\"295\" srcset=\"https:\/\/www.tahkonravintolat.fi\/wp-content\/uploads\/2019\/10\/helmi_galleria3-1024x576.jpg 1024w, https:\/\/www.tahkonravintolat.fi\/wp-content\/uploads\/2019\/10\/helmi_galleria3-300x169.jpg 300w, https:\/\/www.tahkonravintolat.fi\/wp-content\/uploads\/2019\/10\/helmi_galleria3-768x432.jpg 768w, https:\/\/www.tahkonravintolat.fi\/wp-content\/uploads\/2019\/10\/helmi_galleria3.jpg 1280w\" sizes=\"auto, (max-width: 525px) 100vw, 525px\" \/><\/p>\n<p>&nbsp;<\/p>\n<p><img loading=\"lazy\" decoding=\"async\" class=\"alignnone size-large wp-image-358\" src=\"https:\/\/www.tahkonravintolat.fi\/wp-content\/uploads\/2019\/10\/helmi_galleria1-1024x576.jpg\" alt=\"\" width=\"525\" height=\"295\" srcset=\"https:\/\/www.tahkonravintolat.fi\/wp-content\/uploads\/2019\/10\/helmi_galleria1-1024x576.jpg 1024w, https:\/\/www.tahkonravintolat.fi\/wp-content\/uploads\/2019\/10\/helmi_galleria1-300x169.jpg 300w, https:\/\/www.tahkonravintolat.fi\/wp-content\/uploads\/2019\/10\/helmi_galleria1-768x432.jpg 768w, https:\/\/www.tahkonravintolat.fi\/wp-content\/uploads\/2019\/10\/helmi_galleria1.jpg 1280w\" sizes=\"auto, (max-width: 525px) 100vw, 525px\" \/><\/p>\n<p><img loading=\"lazy\" decoding=\"async\" class=\"alignnone size-large wp-image-362\" src=\"https:\/\/www.tahkonravintolat.fi\/wp-content\/uploads\/2019\/10\/helmi_galleria5-1024x576.jpg\" alt=\"\" width=\"525\" height=\"295\" srcset=\"https:\/\/www.tahkonravintolat.fi\/wp-content\/uploads\/2019\/10\/helmi_galleria5-1024x576.jpg 1024w, https:\/\/www.tahkonravintolat.fi\/wp-content\/uploads\/2019\/10\/helmi_galleria5-300x169.jpg 300w, https:\/\/www.tahkonravintolat.fi\/wp-content\/uploads\/2019\/10\/helmi_galleria5-768x432.jpg 768w, https:\/\/www.tahkonravintolat.fi\/wp-content\/uploads\/2019\/10\/helmi_galleria5.jpg 1280w\" sizes=\"auto, (max-width: 525px) 100vw, 525px\" \/><\/p>\n<p>&nbsp;<\/p>\n","protected":false},"excerpt":{"rendered":"<p>Syv\u00e4rin Helmi avaa ovensa kes\u00e4kauteen 2026 vappuna, tervetuloa! Olemme avoinna&hellip;<\/p>\n","protected":false},"author":1,"featured_media":141,"parent":0,"menu_order":0,"comment_status":"closed","ping_status":"closed","template":"","meta":{"footnotes":""},"class_list":["post-14","page","type-page","status-publish","has-post-thumbnail","hentry"],"_links":{"self":[{"href":"https:\/\/www.tahkonravintolat.fi\/index.php?rest_route=\/wp\/v2\/pages\/14","targetHints":{"allow":["GET"]}}],"collection":[{"href":"https:\/\/www.tahkonravintolat.fi\/index.php?rest_route=\/wp\/v2\/pages"}],"about":[{"href":"https:\/\/www.tahkonravintolat.fi\/index.php?rest_route=\/wp\/v2\/types\/page"}],"author":[{"embeddable":true,"href":"https:\/\/www.tahkonravintolat.fi\/index.php?rest_route=\/wp\/v2\/users\/1"}],"replies":[{"embeddable":true,"href":"https:\/\/www.tahkonravintolat.fi\/index.php?rest_route=%2Fwp%2Fv2%2Fcomments&post=14"}],"version-history":[{"count":40,"href":"https:\/\/www.tahkonravintolat.fi\/index.php?rest_route=\/wp\/v2\/pages\/14\/revisions"}],"predecessor-version":[{"id":1486,"href":"https:\/\/www.tahkonravintolat.fi\/index.php?rest_route=\/wp\/v2\/pages\/14\/revisions\/1486"}],"wp:featuredmedia":[{"embeddable":true,"href":"https:\/\/www.tahkonravintolat.fi\/index.php?rest_route=\/wp\/v2\/media\/141"}],"wp:attachment":[{"href":"https:\/\/www.tahkonravintolat.fi\/index.php?rest_route=%2Fwp%2Fv2%2Fmedia&parent=14"}],"curies":[{"name":"wp","href":"https:\/\/api.w.org\/{rel}","templated":true}]}}